f 630?
False
Does 146 divide 199874?
True
Does 97 divide 707130?
True
Is 320 a factor of 1668028?
False
Does 10 divide 1097305?
False
Is 4682636 a multiple of 63?
False
Is 73657 a multiple of 13?
False
Is 89 a factor of 1100841?
True
Is 751674 a multiple of 462?
True
Is 5282490 a multiple of 222?
True
Does 14 divide 258162?
False
Does 14 divide 273560?
True
Is 26 a factor of 360256?
True
Does 12 divide 6954726?
False
Is 38 a factor of 8735592?
True
Is 8 a factor of 34741?
False
Is 36965 a multiple of 19?
False
Does 161 divide 15456?
True
Is 2804861 a multiple of 206?
False
Does 26 divide 3031?
False
Is 1005 a factor of 8484860?
False
Is 4621503 a multiple of 1233?
False
Is 2349424 a multiple of 377?
False
Is 100 a factor of 77100?
True
Does 5 divide 124815?
True
Is 527 a factor of 2753575?
True
Is 6 a factor of 2663952?
True
Does 175 divide 660275?
True
Is 2923116 a multiple of 4?
True
Is 33 a factor of 3179474?
False
Does 9 divide 130604?
False
Does 358 divide 1114096?
True
Does 56 divide 3125369?
False
Does 103 divide 6642264?
True
Is 128 a factor of 4265472?
True
Is 2949219 a multiple of 169?
True
Does 220 divide 1280477?
False
Is 281 a factor of 6998437?
False
Is 1430310 a multiple of 7?
True
Is 23 a factor of 63020?
True
Is 16 a factor of 428127?
False
Is 15 a factor of 2684813?
False
Does 785 divide 1814875?
False
Is 382 a factor of 193674?
True
Is 3 a factor of 31705?
False
Is 38 a factor of 247760?
True
Is 142 a factor of 112038?
True
Is 38220 a multiple of 98?
True
Does 42 divide 2604?
True
Is 2391372 a multiple of 13?
False
Is 2 a factor of 65360?
True
Is 16 a factor of 77696?
True
Is 7827260 a multiple of 815?
True
Is 3 a factor of 837776?
False
Is 497797 a multiple of 839?
False
Does 133 divide 154930?
False
Is 63 a factor of 4017510?
True
Is 1746815 a multiple of 151?
False
Does 5 divide 3741639?
False
Does 38 divide 500840?
True
Is 362 a factor of 313854?
True
Is 19 a factor of 403301?
False
Does 51 divide 1091961?
True
Does 87 divide 38976?
True
Is 565 a factor of 167472?
False
Is 3338562 a multiple of 84?
False
Is 7 a factor of 2231321?
False
Does 274 divide 93982?
True
Is 153718 a multiple of 5?
False
Does 15 divide 625260?
True
Is 17 a factor of 334424?
True
Is 19244384 a multiple of 236?
True
Is 896 a factor of 5609339?
False
Does 68 divide 17535364?
True
Is 909753 a multiple of 39?
True
Is 272734 a multiple of 154?
True
Does 178 divide 150766?
True
Is 39 a factor of 263991?
True
Is 24 a factor of 38535?
False
Does 21 divide 127596?
True
Does 48 divide 114096?
True
Does 8 divide 175613?
False
Is 14 a factor of 15074668?
True
Does 65 divide 1677650?
True
Does 44 divide 453324?
False
Is 192 a factor of 384192?
True
Is 21284812 a multiple of 534?
False
Is 2339593 a multiple of 4?
False
Does 5 divide 616710?
True
Is 19215 a multiple of 210?
False
Does 241 divide 6523147?
True
Is 130772 a multiple of 3?
False
Is 11891573 a multiple of 378?
False
Is 95760 a multiple of 105?
True
Is 66 a factor of 253243?
False
Is 182640 a multiple of 20?
True
Is 31 a factor of 49104?
True
Is 20 a factor of 119960?
True
Is 52 a factor of 942705?
False
Is 103 a factor of 672084?
False
Does 47 divide 1291748?
True
Does 63 divide 16302496?
False
Does 9 divide 47809?
False
Does 13 divide 90207?
True
Is 8209740 a multiple of 35?
True
Is 210834 a multiple of 87?
False
Is 8548317 a multiple of 159?
True
Is 150786 a multiple of 9?
True
Is 338840 a multiple of 20?
True
Is 456859 a multiple of 13?
True
Is 149570 a multiple of 63?
False
Is 125 a factor of 13818043?
False
Is 377093 a multiple of 223?
True
Is 257226 a multiple of 8?
False
Is 39 a factor of 365854?
False
Is 43 a factor of 868459?
False
Is 5463743 a multiple of 391?
False
Is 536038 a multiple of 43?
True
Is 18 a factor of 142074?
True
Is 2549709 a multiple of 82?
False
Does 15 divide 50675947?
False
Is 3828810 a multiple of 690?
True
Is 97482 a multiple of 66?
True
Is 16272 a multiple of 13?
False
Is 23405 a multiple of 14?
False
Does 162 divide 1527822?
True
Is 15090508 a multiple of 115?
False
Does 18 divide 2574122?
False
Is 1224155 a multiple of 14?
False
Does 73 divide 3096222?
True
Is 12 a factor of 234873?
False
Does 31 divide 116878?
False
Does 607 divide 3752510?
False
Is 42826 a multiple of 49?
True
Is 1057989 a multiple of 64?
False
Is 764756 a multiple of 99?
False
Is 135 a factor of 14216580?
True
Is 23 a factor of 1422297?
True
Does 206 divide 608945?
False
Is 688925 a multiple of 10?
False
Is 15 a factor of 951238?
False
Does 23 divide 503378?
True
Is 27 a factor of 23463?
True
Is 189430 a multiple of 88?
False
Is 66797 a multiple of 21?
False
Does 502 divide 28614?
True
Is 343 a factor of 1044679?
False
Does 3 divide 54453?
True
Is 1490 a factor of 402332?
False
Is 33 a factor of 723034?
False
Is 1361400 a multiple of 60?
True
Is 634053 a multiple of 2?
False
Does 5 divide 578896?
False
Is 18 a factor of 6786?
True
Is 13 a factor of 16352974?
False
Is 3 a factor of 9096?
True
Is 6 a factor of 1095341?
False
Is 10924506 a multiple of 306?
True
Is 41130 a multiple of 15?
True
Does 329 divide 62510?
True
Does 9 divide 2089980?
True
Is 1741260 a multiple of 58?
False
Does 222 divide 129204?
True
Is 52551 a multiple of 71?
False
Is 14 a factor of 20830?
False
Is 49482 a multiple of 14?
False
Is 3116178 a multiple of 345?
False
Is 5304 a multiple of 19?
False
Is 719955 a multiple of 3?
True
Is 77542 a multiple of 283?
True
Is 431 a factor of 1750291?
True
Is 8 a factor of 639393?
False
Does 8 divide 280952?
True
Does 46 divide 62468?
True
Does 154 divide 317405?
False
Is 184 a factor of 8170981?
False
Is 809043 even?
False
Is 53 a factor of 65455?
True
Is 14 a factor of 508313?
False
Is 409 a factor of 17390?
False
Is 10 a factor of 237717?
False
Is 63430 a multiple of 11?
False
Does 10 divide 31587?
False
Is 27 a factor of 2560712?
False
Is 63 a factor of 106281?
True
Is 319928 a multiple of 8?
True
Is 81 a factor of 3677319?
True
Is 2327700 a multiple of 20?
True
Is 256 a factor of 1212770?
False
Does 8 divide 168016?
True
Is 83968 a multiple of 7?
False
Is 421 a factor of 3781001?
True
Is 1981303 a multiple of 338?
False
Is 19 a factor of 1401611?
True
Does 6 divide 79404?
True
Is 365861 a multiple of 64?
False
Is 326776 a multiple of 91?
False
Is 18 a factor of 115759?
False
Is 69 a factor of 147779?
False
Does 352 divide 770402?
False
Is 1941190 a multiple of 753?
False
Does 13 divide 136274?
False
Does 28 divide 386624?
True
Is 17030 a multiple of 17?
False
Is 927291 a multiple of 706?
False
Does 272 divide 1891216?
True
Does 13 divide 93704?
True
Is 45 a factor of 525600?
True
Does 243 divide 467729?
False
Does 31 divide 32255?
False
Is 78 a factor of 96093?
False
Is 186 a factor of 545166?
True
Does 4 divide 356529?
False
Is 2875284 a multiple of 36?
True
Does 183 divide 267271?
False
Is 203 a factor of 1251269?
False
Does 52 divide 62140?
True
Does 36 divide 657396?
True
Is 949326 a multiple of 33?
False
Is 277965 a multiple of 9?
True
Does 4 divide 3204392?
True
Is 2158 a multiple of 3?
False
Is 9331539 a multiple of 7?
True
Does 18 divide 3479526?
True
Is 5118999 a multiple of 589?
True
Does 23 divide 4014927?
False
Is 1106820 a multiple of 52?
True
Is 27 a factor of 1888813?
False
Does 74 divide 3767636?
True
Is 893 a factor of 9686371?
True
Is 276552 a multiple of 138?
True
Is 5543522 a multiple of 431?
True
Is 65 a factor of 7856237?
False
Does 4 divide 410624?
True
Is 4984343 a multiple of 664?
False
Does 33 divide 973316?
False
Is 1013931 a multiple of 51?
True
Is 3001833 a multiple of 67?
False
Is 64 a factor of 34241?
False
Is 1074259 a multiple of 21?
False
Is 1426024 a multiple of 7?
False
Is 1910520 a multiple of 58?
True
Is 116 a factor of 7319647?
False
Does 160 divide 3723423?
False
Is 2 a factor of 33982?
True
Does 32 divide 4628241?
False
Is 1387951 a multiple of 60?
False
Is 2204743 a multiple of 113?
True
Is 4 a factor of 103137?
False
Does 26 divide 33072?
True
Does 19 divide 202924?
False
Is 7588856 a multiple of 913?
True
Is 682765 a multiple of 19?
True
Does 453 divide 7821216?
False
Does 93 divide 272716?
False
Is 1805 a factor of 15499535?
True
Does 4 divide 117108?
True
Is 21 a factor of 702009?
True
Is 8747220 a multiple of 30?
True
Does 25 divid